{"id":164,"date":"2011-06-30T17:46:37","date_gmt":"2011-06-30T17:46:37","guid":{"rendered":"http:\/\/timbradosalbal.com\/timbrados-albal\/?page_id=164"},"modified":"2022-05-30T09:52:45","modified_gmt":"2022-05-30T09:52:45","slug":"papeles-laminados","status":"publish","type":"page","link":"https:\/\/timbradosalbal.com\/timbrados-albal\/productos\/papeles\/papeles-laminados\/","title":{"rendered":"Papeles laminados"},"content":{"rendered":"\n<style type=\"text\/css\" data-created_by=\"avia_inline_auto\" id=\"style-css-av-8xp58-93624a7342a7627568e8f45b35cdc101\">\n.avia-section.av-8xp58-93624a7342a7627568e8f45b35cdc101{\nbackground-repeat:repeat;\nbackground-image:url(https:\/\/timbradosalbal.com\/timbrados-albal\/wp-content\/uploads\/2022\/05\/Captura-de-pantalla-2022-05-27-a-las-10.24.17.png);\nbackground-position:0% 0%;\nbackground-attachment:scroll;\n}\n<\/style>\n<div id='av_section_1'  class='avia-section av-8xp58-93624a7342a7627568e8f45b35cdc101 main_color avia-section-no-padding avia-no-border-styling  avia-builder-el-0  el_before_av_section  avia-builder-el-first  avia-bg-style-scroll av-minimum-height av-minimum-height-custom  container_wrap sidebar_right'  data-section-bg-repeat='repeat'><div class='container av-section-cont-open' style='height:116px'><main  role=\"main\" itemprop=\"mainContentOfPage\"  class='template-page content  av-content-small alpha units'><div class='post-entry post-entry-type-page post-entry-164'><div class='entry-content-wrapper clearfix'>\n<section  class='av_textblock_section av-l3o738x8-125772c5d82b3f0b24b2814c5d12c1c8'  itemscope=\"itemscope\" itemtype=\"https:\/\/schema.org\/CreativeWork\" ><div class='avia_textblock'  itemprop=\"text\" ><h1>Papeles laminados<\/h1>\n<\/div><\/section>\n\n<\/div><\/div><\/main><!-- close content main element --><\/div><\/div><div id='av_section_2'  class='avia-section av-1n36tw-d9140f2c4e9df27823623c16dc7a4f7a main_color avia-section-default avia-no-border-styling  avia-builder-el-2  el_after_av_section  avia-builder-el-last  avia-bg-style-scroll container_wrap sidebar_right'  ><div class='container av-section-cont-open' ><div class='template-page content  av-content-small alpha units'><div class='post-entry post-entry-type-page post-entry-164'><div class='entry-content-wrapper clearfix'>\n<div class='flex_column av-1be3vo-67d53875ea7b35cd26a11d4a5357516e av_three_fifth  avia-builder-el-3  el_before_av_two_fifth  avia-builder-el-first  first av-break-at-tablet flex_column_div '   ><p><section  class='av_textblock_section av-l3n6gnkg-8a41ee9634424a0058a93a80cd7a7b42'  itemscope=\"itemscope\" itemtype=\"https:\/\/schema.org\/CreativeWork\" ><div class='avia_textblock'  itemprop=\"text\" ><p>Papeles alimentarios, impresos y an\u00f3nimos. Especiales para carnicer\u00edas, charcuter\u00edas, industria c\u00e1rnicas, pescader\u00edas, panader\u00edas, pasteler\u00edas e industria panadera<\/p>\n<ul>\n<li>Impresi\u00f3n a 1 \u00f3 2 tintas.<\/li>\n<li>Tama\u00f1os est\u00e1ndar<\/li>\n<li>27 x 38cm y 38 x 54cm.<\/li>\n<li>Con o sin troquel (1 o 2 agujeros)<\/li>\n<\/ul>\n<\/div><\/section><br \/>\n\n<style type=\"text\/css\" data-created_by=\"avia_inline_auto\" id=\"style-css-av-11uia4-60790e4d91903e50f810e81a5cfcf1e5\">\n#top .hr.hr-invisible.av-11uia4-60790e4d91903e50f810e81a5cfcf1e5{\nheight:30px;\n}\n<\/style>\n<div  class='hr av-11uia4-60790e4d91903e50f810e81a5cfcf1e5 hr-invisible  avia-builder-el-5  el_after_av_textblock  el_before_av_textblock '><span class='hr-inner '><span class=\"hr-inner-style\"><\/span><\/span><\/div><br \/>\n<section  class='av_textblock_section av-l3n6b7gi-604d6624b79b2deebda16f75a6400a32'  itemscope=\"itemscope\" itemtype=\"https:\/\/schema.org\/CreativeWork\" ><div class='avia_textblock'  itemprop=\"text\" ><h3 class=\"p1\">LAMINADO EXTRA BP 50GRS<\/h3>\n<p class=\"p2\">Papel alimentario elaborado con soporte offset de 50 gramos y con l\u00e1mina pl\u00e1stica a baja presi\u00f3n adosada a una cara.<\/p>\n<p class=\"p2\">Es un papel de largo recorrido muy apreciado por su gramaje lo que le confiere un tacto de excelente maleabilidad y aspecto de gran calidad, la aplicaci\u00f3n de la l\u00e1mina pl\u00e1stica de baja presi\u00f3n (BP) despegable en una cara ofrece la posibilidad de separar el papel de la l\u00e1mina pl\u00e1stica. Papel muy interesante por la pr\u00e1ctica separaci\u00f3n del papel y pl\u00e1stico a efectos ecol\u00f3gicos de reciclado. Altamente utilizado en carnicer\u00edas, charcuter\u00edas y pescader\u00edas.<\/p>\n<h3 class=\"p1\">LAMINADO EXTRA BP 60GRS<\/h3>\n<p class=\"p2\">Papel alimentario elaborado con soporte offset de 60 gramos y con l\u00e1mina pl\u00e1stica a baja presi\u00f3n adosada a una cara.<\/p>\n<p class=\"p2\">Es un papel de largo recorrido de buena maleabilidad, la aplicaci\u00f3n de la l\u00e1mina despegable en una cara ofrece la posibilidad de separar el papel de la l\u00e1mina pl\u00e1stica de baja presi\u00f3n (BP). Papel muy interesante por la pr\u00e1ctica separaci\u00f3n del papel y pl\u00e1stico a efectos ecol\u00f3gicos de reciclado. Altamente utilizado en carnicer\u00edas, charcuter\u00edas y pescader\u00edas.<\/p>\n<h3 class=\"p1\">LAMINADO EXTRA BP 70GRS<\/h3>\n<p class=\"p2\">Papel alimentario elaborado con soporte offset de 70 gramos y con l\u00e1mina pl\u00e1stica a baja presi\u00f3n adosada a una cara.<\/p>\n<p class=\"p2\">Es un papel de largo recorrido, la aplicaci\u00f3n de la l\u00e1mina pl\u00e1stica de baja presi\u00f3n (BP) despegable en una cara ofrece la posibilidad de separar el papel de la l\u00e1mina pl\u00e1stica. Papel muy interesante por la pr\u00e1ctica separaci\u00f3n del papel y pl\u00e1stico a efectos ecol\u00f3gicos de reciclado. Altamente utilizado en carnicer\u00edas, charcuter\u00edas y pescader\u00edas.<\/p>\n<h3 class=\"p1\">LAMINADO 2\u00aa BP 95GRS<\/h3>\n<p class=\"p2\">Papel alimentario elaborado con soporte reciclado de 90 gramos y con l\u00e1mina pl\u00e1stica a baja presi\u00f3n adosada a una cara.<\/p>\n<p class=\"p2\">Es un papel de largo recorrido muy apreciado por su gramaje y su maleabilidad debido al tipo de soporte, la aplicaci\u00f3n de la l\u00e1mina pl\u00e1stica de baja presi\u00f3n (BP) despegable en una cara ofrece la posibilidad de separar el papel de la l\u00e1mina pl\u00e1stica. Papel muy interesante por la pr\u00e1ctica separaci\u00f3n del papel y pl\u00e1stico a efectos ecol\u00f3gicos de reciclado. Altamente utilizado en carnicer\u00edas, charcuter\u00edas y pescader\u00edas.<\/p>\n<h4 style=\"text-align: justify;\"><\/h4>\n<\/div><\/section><\/p><\/div><div class='flex_column av-wezp8-30a988124656bf30635369c286f74bff av_two_fifth  avia-builder-el-7  el_after_av_three_fifth  avia-builder-el-last  av-break-at-tablet flex_column_div '   ><p>\n<style type=\"text\/css\" data-created_by=\"avia_inline_auto\" id=\"style-css-av-l3n6c6pz-be7920db5492119d8fc99dc8bc94e510\">\n.avia-image-container.av-l3n6c6pz-be7920db5492119d8fc99dc8bc94e510 .av-image-caption-overlay-center{\ncolor:#ffffff;\n}\n<\/style>\n<div  class='avia-image-container av-l3n6c6pz-be7920db5492119d8fc99dc8bc94e510 av-styling- avia-align-center  avia-builder-el-8  el_before_av_hr  avia-builder-el-first '  itemprop=\"image\" itemscope=\"itemscope\" itemtype=\"https:\/\/schema.org\/ImageObject\" ><div class=\"avia-image-container-inner\"><div class=\"avia-image-overlay-wrap\"><img class='wp-image-532 avia-img-lazy-loading-not-532 avia_image' src=\"https:\/\/timbradosalbal.com\/timbrados-albal\/wp-content\/uploads\/2022\/05\/salmon.jpg\" alt='' title='Papel laminado extra para pescado'  height=\"800\" width=\"600\"  itemprop=\"thumbnailUrl\" srcset=\"https:\/\/timbradosalbal.com\/timbrados-albal\/wp-content\/uploads\/2022\/05\/salmon.jpg 600w, https:\/\/timbradosalbal.com\/timbrados-albal\/wp-content\/uploads\/2022\/05\/salmon-529x705.jpg 529w\" sizes=\"(max-width: 600px) 100vw, 600px\" \/><\/div><\/div><\/div><br \/>\n\n<style type=\"text\/css\" data-created_by=\"avia_inline_auto\" id=\"style-css-av-l3o9eho4-2ef4b910bbc0b044c6d5e6b3f2332d53\">\n#top .hr.hr-invisible.av-l3o9eho4-2ef4b910bbc0b044c6d5e6b3f2332d53{\nheight:30px;\n}\n<\/style>\n<div  class='hr av-l3o9eho4-2ef4b910bbc0b044c6d5e6b3f2332d53 hr-invisible  avia-builder-el-9  el_after_av_image  el_before_av_image '><span class='hr-inner '><span class=\"hr-inner-style\"><\/span><\/span><\/div><br \/>\n\n<style type=\"text\/css\" data-created_by=\"avia_inline_auto\" id=\"style-css-av-l3n6erkr-8ff5435a4321d0880f15d93d10c6ed69\">\n.avia-image-container.av-l3n6erkr-8ff5435a4321d0880f15d93d10c6ed69 .av-image-caption-overlay-center{\ncolor:#ffffff;\n}\n<\/style>\n<div  class='avia-image-container av-l3n6erkr-8ff5435a4321d0880f15d93d10c6ed69 av-styling- avia-align-center  avia-builder-el-10  el_after_av_hr  avia-builder-el-last '  itemprop=\"image\" itemscope=\"itemscope\" itemtype=\"https:\/\/schema.org\/ImageObject\" ><div class=\"avia-image-container-inner\"><div class=\"avia-image-overlay-wrap\"><img class='wp-image-533 avia-img-lazy-loading-not-533 avia_image' src=\"https:\/\/timbradosalbal.com\/timbrados-albal\/wp-content\/uploads\/2022\/05\/carne-perejil.jpg\" alt='' title='Papel laminado extra para carne'  height=\"800\" width=\"600\"  itemprop=\"thumbnailUrl\" srcset=\"https:\/\/timbradosalbal.com\/timbrados-albal\/wp-content\/uploads\/2022\/05\/carne-perejil.jpg 600w, https:\/\/timbradosalbal.com\/timbrados-albal\/wp-content\/uploads\/2022\/05\/carne-perejil-529x705.jpg 529w\" sizes=\"(max-width: 600px) 100vw, 600px\" \/><\/div><\/div><\/div><\/p><\/div><\/div><\/div><\/div><!-- close content main div --><\/div><\/div><div id='after_section_2'  class='main_color av_default_container_wrap container_wrap sidebar_right'  ><div class='container av-section-cont-open' ><div class='template-page content  av-content-small alpha units'><div class='post-entry post-entry-type-page post-entry-164'><div class='entry-content-wrapper clearfix'>\n","protected":false},"excerpt":{"rendered":"","protected":false},"author":1,"featured_media":0,"parent":26,"menu_order":0,"comment_status":"closed","ping_status":"closed","template":"","meta":[],"_links":{"self":[{"href":"https:\/\/timbradosalbal.com\/timbrados-albal\/wp-json\/wp\/v2\/pages\/164"}],"collection":[{"href":"https:\/\/timbradosalbal.com\/timbrados-albal\/wp-json\/wp\/v2\/pages"}],"about":[{"href":"https:\/\/timbradosalbal.com\/timbrados-albal\/wp-json\/wp\/v2\/types\/page"}],"author":[{"embeddable":true,"href":"https:\/\/timbradosalbal.com\/timbrados-albal\/wp-json\/wp\/v2\/users\/1"}],"replies":[{"embeddable":true,"href":"https:\/\/timbradosalbal.com\/timbrados-albal\/wp-json\/wp\/v2\/comments?post=164"}],"version-history":[{"count":7,"href":"https:\/\/timbradosalbal.com\/timbrados-albal\/wp-json\/wp\/v2\/pages\/164\/revisions"}],"predecessor-version":[{"id":644,"href":"https:\/\/timbradosalbal.com\/timbrados-albal\/wp-json\/wp\/v2\/pages\/164\/revisions\/644"}],"up":[{"embeddable":true,"href":"https:\/\/timbradosalbal.com\/timbrados-albal\/wp-json\/wp\/v2\/pages\/26"}],"wp:attachment":[{"href":"https:\/\/timbradosalbal.com\/timbrados-albal\/wp-json\/wp\/v2\/media?parent=164"}],"curies":[{"name":"wp","href":"https:\/\/api.w.org\/{rel}","templated":true}]}}